rime number?
True
Is 55417 prime?
False
Is 1061 a composite number?
False
Is 33 composite?
True
Is 69133 a composite number?
True
Is 259619 a prime number?
True
Is 2101 a prime number?
False
Is 23971 a prime number?
True
Is 10687 a prime number?
True
Is 118709 a composite number?
False
Is 84937 prime?
False
Is 8923 a composite number?
False
Is 2233373 prime?
True
Is 8633 a composite number?
True
Is 14291 a composite number?
True
Is 1083979 a composite number?
True
Is 125573 composite?
True
Is 319 composite?
True
Is 1628951 a composite number?
True
Is 391829 composite?
True
Is 52859 prime?
True
Is 4049 composite?
False
Is 54869 a composite number?
False
Is 787 composite?
False
Is 16243 prime?
False
Is 2701 a composite number?
True
Is 7171 composite?
True
Is 444739 a composite number?
False
Is 574657 prime?
True
Is 4049 prime?
True
Is 5871443 composite?
True
Is 10559 a composite number?
False
Is 444451 a composite number?
True
Is 2846 a prime number?
False
Is 813767 a composite number?
False
Is 106 a prime number?
False
Is 1411226 composite?
True
Is 220367 a prime number?
False
Is 26653 prime?
False
Is 82457 composite?
False
Is 2086543 prime?
True
Is 22807 composite?
False
Is 20323 a prime number?
True
Is 628289 prime?
True
Is 34115 prime?
False
Is 546523 a prime number?
True
Is 227665 prime?
False
Is 2409019 prime?
False
Is 1270001 a prime number?
True
Is 366161 a composite number?
False
Is 374687 a composite number?
False
Is 5381 a prime number?
True
Is 50221 composite?
False
Is 8147 a composite number?
False
Is 809 prime?
True
Is 116009 a prime number?
True
Is 695337 composite?
True
Is 97259 a prime number?
True
Is 45007 a composite number?
False
Is 49003 a composite number?
False
Is 44903 a prime number?
False
Is 67121 a composite number?
False
Is 1217467 a prime number?
True
Is 712279 a composite number?
False
Is 23269 a prime number?
True
Is 1644283 prime?
True
Is 27779 a composite number?
False
Is 8285 a prime number?
False
Is 7237 prime?
True
Is 2333 composite?
False
Is 26927 composite?
False
Is 333623 composite?
False
Is 58537 a prime number?
True
Is 4889 prime?
True
Is 2609 a prime number?
True
Is 17219 prime?
False
Is 2321 a prime number?
False
Is 11623 prime?
False
Is 44041 a composite number?
False
Is 5953 composite?
False
Is 198761 prime?
True
Is 2477 composite?
False
Is 4201 composite?
False
Is 413681 a prime number?
True
Is 4041989 prime?
False
Is 434207 a composite number?
True
Is 241463 composite?
False
Is 637709 a composite number?
False
Is 54763 a composite number?
True
Is 5227 prime?
True
Is 2433 a prime number?
False
Is 70427 a composite number?
True
Is 299 prime?
False
Is 4121 composite?
True
Is 25646 composite?
True
Is 1540441 composite?
True
Is 46489 composite?
False
Is 3437 a composite number?
True
Is 239477 a prime number?
False
Is 3593 prime?
True
Is 8882 a composite number?
True
Is 161359 prime?
False
Is 43437 a prime number?
False
Is 20281 composite?
True
Is 4969 a prime number?
True
Is 912833 composite?
True
Is 30143 composite?
True
Is 1651 prime?
False
Is 6341 composite?
True
Is 38881 a prime number?
False
Is 1601 prime?
True
Is 982309 a composite number?
True
Is 304651 prime?
True
Is 57023 composite?
True
Is 16183 a prime number?
True
Is 119107 a composite number?
False
Is 23089 composite?
True
Is 31873 a composite number?
False
Is 57149 a composite number?
False
Is 118649 prime?
False
Is 1235303 prime?
True
Is 75889 a composite number?
True
Is 168991 composite?
False
Is 33445 prime?
False
Is 24749 a prime number?
True
Is 35759 a composite number?
False
Is 72811 composite?
True
Is 1851223 composite?
True
Is 3163 a prime number?
True
Is 5129 a prime number?
False
Is 320681 a composite number?
True
Is 206863 a prime number?
False
Is 322709 prime?
True
Is 12689 a prime number?
True
Is 2962 a composite number?
True
Is 35539 a composite number?
True
Is 13367 composite?
False
Is 1535 a prime number?
False
Is 8147 prime?
True
Is 330199 composite?
False
Is 1105787 prime?
True
Is 380693 composite?
True
Is 2659333 a prime number?
False
Is 866 a composite number?
True
Is 535801 composite?
True
Is 305083 prime?
False
Is 1031 composite?
False
Is 208617 composite?
True
Is 3637 a prime number?
True
Is 51251 composite?
True
Is 30169 prime?
True
Is 879 a composite number?
True
Is 2575219 a prime number?
True
Is 8457 prime?
False
Is 2078283 a prime number?
False
Is 492455 a prime number?
False
Is 1363 a prime number?
False
Is 850373 a composite number?
False
Is 12227 a prime number?
True
Is 5279 prime?
True
Is 69841 prime?
False
Is 80021 a composite number?
False
Is 425185 a composite number?
True
Is 544247 composite?
True
Is 48751 composite?
False
Is 71479 prime?
True
Is 1147045 composite?
True
Is 46193 a prime number?
False
Is 687571 prime?
False
Is 971531 a composite number?
True
Is 91213 a prime number?
False
Is 6607 composite?
False
Is 152123 a composite number?
False
Is 16483 a prime number?
False
Is 101323 a prime number?
True
Is 1260087 a prime number?
False
Is 300859 prime?
False
Is 75833 a prime number?
True
Is 11879 a prime number?
False
Is 5042 a prime number?
False
Is 68455 prime?
False
Is 292427 a prime number?
True
Is 10231 composite?
True
Is 2207 prime?
True
Is 33121 prime?
False
Is 5431 a composite number?
False
Is 53709 a composite number?
True
Is 78137 a composite number?
False
Is 31187 prime?
False
Is 234994 a prime number?
False
Is 1361 a composite number?
False
Is 573203 a composite number?
True
Is 110863 a prime number?
True
Is 64709 prime?
True
Is 2190959 prime?
True
Is 94947 composite?
True
Is 134443 a prime number?
True
Is 231521 a composite number?
True
Is 463579 a composite number?
False
Is 187381 a prime number?
False
Is 79819 a prime number?
False
Is 20693 composite?
False
Is 538735 a prime number?
False
Is 64589 a prime number?
False
Is 106307 a prime number?
True
Is 926927 a prime number?
False
Is 841543 a prime number?
False
Is 5006 composite?
True
Is 635 prime?
False
Is 212039 composite?
False
Is 871613 prime?
True
Is 8741 composite?
False
Is 183433 a prime number?
False
Is 208861 a composite number?
True
Is 62207 a composite number?
False
Is 111047 prime?
False
Is 1378307 composite?
True
Is 409571 prime?
False
Is 12683 a composite number?
True
Is 52707 prime?
False
Is 257 composite?
False
Is 236755 a composite number?
True
Is 1633 a prime number?
False
Is 754133 prime?
True
Is 235091 a prime number?
True
Is 499 composite?
False
Is 369979 a prime number?
True
Is 12587 prime?
False
Is 298781 a prime number?
False
Is 456679 prime?
True
Is 145253 composite?
False
Is 14493 a composite number?
True
Is 792223 composite?
False
Is 55381 composite?
False
Is 28235 a composite number?
True
Is 12821 a composite number?
False
Is 39857 a prime number?
True
Is 3787 a prime number?
False
Is 8213 a composite number?
True
Is 97763 a prime number?
False
Is 168977 a composite number?
False
Is 47455 composite?
True
Is 13997 prime?
True
Is 73181 a prime number?
True
Is 384653 a composite number?
True
Is 8419 prime?
True
Is 12797 composite?
True
Is 10481 composite?
True
Is 33854 prime?
False
Is 490201 composite?
False
Is 304783 a composite number?
True
Is 1490171 prime?
True
Is 1281161 prime?
False
Is 11513 prime?
False
Is 36169 a composite number?
True
Is 152367 a prime number?
False
Is 5935 prime?
False
Is 75155 a composite number?
True
Is 174457 a composite number?
False
Is 18113 a prime number?
False
Is 249199 a prime number?
True
Is 456007 a prime number?
True
Is 29411 a prime number?
True
Is 12707 a prime number?
False
Is 9017 prime?
False
Is 33926 composite?
True
Is 14057 a composite number?
False
Is 17462 a prime number?
False
Is 809099 a composite number?
True
Is 318503 prime?
True
Is 1369 prime?
False
Is 273143 composite?
True
Is 39889 a composite number?
True
Is 1087 a composite number?
False
Is 384359 composite?
False
Is 942878 composite?
True
Is 495481 a composite number?
True
Is 10589 a prime number?
True
Is 93229 composite?
False
Is 73673 a prime number?
True
Is 394333 a prime number?
False
Is 141439 a prime number?
True
Is 275143 composite?
True
Is 51049 a composite number?
True
Is 72811 composite?
True
Is 386065 a prime number?
False
Is 11149 a prime number?
True
Is 119545 prime?
False
Is 17707 com